{"id":172,"date":"2020-11-04T22:02:52","date_gmt":"2020-11-04T20:02:52","guid":{"rendered":"https:\/\/www.dendroloogia.ee\/?page_id=172"},"modified":"2021-11-05T21:22:52","modified_gmt":"2021-11-05T19:22:52","slug":"asendusistutuste-arvutamine","status":"publish","type":"page","link":"https:\/\/www.dendroloogia.ee\/index.php\/asendusistutuste-arvutamine\/","title":{"rendered":"Asendusistutuste arvutamine"},"content":{"rendered":"\n<p>Asendusistutuse kohustust rakendatakse raieloa k\u00f5rvaltingimusena ehitusaluse v\u00f5i kujundusraie puhul. <\/p>\n\n\n\n<p>Asendusistutuse kohustust ei rakendata:<\/p>\n\n\n\n<ul><li>ehitiste ehitamisel, mis on v\u00f5i antakse linna omandisse<\/li><li>kujundusraie korral avalikul alal<\/li><li>kahjustatud puu raie korral (ei kehti, kui puu seisund on halvenenud ehitustegevuse t\u00f5ttu 5 a jooksul p\u00e4rast ehitustegevuse l\u00f5ppu)<\/li><\/ul>\n\n\n\n<p>Raieluba pole vaja taotleda:<\/p>\n\n\n\n<ul><li>viljapuudele<\/li><li>alla 8 cm l\u00e4bim\u00f5\u00f5duga (m\u00f5\u00f5detuna 1,3 m k\u00f5rguselt) puudele (ei kehti, kui puu on istutatud asendusistutuse raames)<\/li><\/ul>\n\n\n\n<p>LIKVIDEERITAVATE PUUDE ASENDUSISTUTUSTE \u00dcHIKUTE ARVUTUS tehakse vastavalt Tallinna Linnavolikogu 11.02.2021 a m\u00e4\u00e4rusele nr 2\u00a0<a href=\"https:\/\/www.riigiteataja.ee\/akt\/423022021005\" target=\"_blank\" rel=\"noreferrer noopener\"><strong>\u201cRaie- ja hooldusl\u00f5ikusloa andmise kord\u201d<\/strong><\/a><\/p>\n\n\n\n<p><strong>Asendusistutuste kalkulaator<\/strong><\/p>\n\n\n<div id=\"dendrocalc-table\">&nbsp;<\/div>\n<div class=\"dendrocalc-buttons\"><button id=\"download-xlsx\">Laadi alla XLSX<\/button><\/div>\n\n\n<p><\/p>\n\n\n\n<p>Asendusistutuste arvutuse tulemusena saadud haljastuse \u00fchikute arv arvestatakse \u00fcmber tegelikult istutatavate istikute arvuks.<\/p>\n\n\n\n<p>J\u00e4medalt v\u00f5ttes v\u00f5ib \u00f6elda: istutava puu t\u00fcve l\u00e4bim\u00f5\u00f5du 1 cm = 1 haljastuse \u00fchik.<\/p>\n\n\n\n<p>NB! Lehtpuu istikul m\u00f5\u00f5detakse t\u00fcve l\u00e4bim\u00f5\u00f5tu 1 m k\u00f5rguselt juurekaelast, kuid okaspuu istikul m\u00f5\u00f5detakse seda&nbsp; juurekaelalt.<\/p>\n\n\n\n<p>N\u00e4iteks:<\/p>\n\n\n\n<ul><li>istutatav lehtpuu t\u00fcve l\u00e4bim\u00f5\u00f5duga (1 m k\u00f5rguselt) 8 cm = 8 haljastuse \u00fchikut<\/li><li>istutatav okaspuu t\u00fcve l\u00e4bim\u00f5\u00f5duga (juurekaelalt) 6 cm = 6 haljastuse \u00fchikut<\/li><\/ul>\n\n\n\n<p>Istutatavad p\u00f5\u00f5sad saab \u00fcmber arvutada haljastuse \u00fchikuteks v\u00f5ttes arvesse istiku k\u00f5rgust ja p\u00f5\u00f5sa kasvuk\u00f5rgust (kui k\u00f5rgeks p\u00f5\u00f5sas liigiomaselt kasvab). Nende n\u00e4itajate alusel saab leida koefitsiendi (koef) mida kasutada arvutuses. Arvutusk\u00e4ik on j\u00e4rgmine:<\/p>\n\n\n\n<p><strong>p\u00f5\u00f5saste arv : koef x 4<\/strong><\/p>\n\n\n\n<p>N\u00e4iteks:<\/p>\n\n\n\n<ul><li><strong>K\u00d5RGEKASVULINE P\u00d5\u00d5SAS<\/strong><\/li><\/ul>\n\n\n\n<p><strong>(igihaljas p\u00f5\u00f5sas t\u00e4iskasvanuna \u22652 m ja heitlehine p\u00f5\u00f5sas t\u00e4iskasvanuna \u22652,5 m)<\/strong><\/p>\n\n\n\n<p>istiku k\u00f5rgus 80-125 cm (koefitsient 8) = p\u00f5\u00f5saste arv : 8 x 4<\/p>\n\n\n\n<p>istiku k\u00f5rgus 125-150 cm (koefitsient 4) = p\u00f5\u00f5saste arv : 4 x 4<\/p>\n\n\n\n<p>istiku k\u00f5rgus &gt;150 cm (koefitsient 2) = p\u00f5\u00f5saste arv : 2 x 4<\/p>\n\n\n\n<ul><li><strong>KESKMISEKASVULINE P\u00d5\u00d5SAS<\/strong><\/li><\/ul>\n\n\n\n<p><strong>(igihaljas p\u00f5\u00f5sas t\u00e4iskasvanuna 1-2 m, heitlehine p\u00f5\u00f5sas t\u00e4iskasvanuna 1-2,5 m)<\/strong><\/p>\n\n\n\n<p>istiku k\u00f5rgus 60-100 cm (koefitsient 10) = p\u00f5\u00f5saste arv : 15 x 4<\/p>\n\n\n\n<p>istiku k\u00f5rgus 100-150 cm (koefitsient 8) = p\u00f5\u00f5saste arv : 10 x 4<\/p>\n\n\n\n<p>istiku k\u00f5rgus &gt;150 cm (koefitsient 3) = p\u00f5\u00f5saste arv : 3 x 4<\/p>\n\n\n\n<ul><li><strong>MADALAKASVULINE P\u00d5\u00d5SAS<\/strong><\/li><\/ul>\n\n\n\n<p><strong>(t\u00e4iskasvanuna kuni 1 m)<\/strong><\/p>\n\n\n\n<p>istiku k\u00f5rgus kuni 40 cm (koefitsient 20) = p\u00f5\u00f5saste arv : 20 x 4<\/p>\n\n\n\n<p>istiku k\u00f5rgus 40-60 cm (koefitsient 10) = p\u00f5\u00f5saste arv : 10 x 4<\/p>\n\n\n\n<p>istiku k\u00f5rgus &gt;60 cm (koefitsient 5) = p\u00f5\u00f5saste arv : 5 x 4<\/p>\n\n\n\n<ul><li><strong>HEKIKS ISTUTATAV P\u00d5\u00d5SAS<\/strong><\/li><\/ul>\n\n\n\n<p><strong>(heitlehine hekk)<\/strong><\/p>\n\n\n\n<p>istiku k\u00f5rgus 50-100 cm (koefitsient 15) = p\u00f5\u00f5saste arv : 20 x 4  | p\u00fcgatav hekk<\/p>\n\n\n\n<p>istiku k\u00f5rgus  &gt; 100 cm (koefitsient 10) = p\u00f5\u00f5saste arv : 15 x 4 | vabakujuline hekk<\/p>\n\n\n\n<ul><li><strong>HEKIKS ISTUTATAV P\u00d5\u00d5SAS<\/strong><\/li><\/ul>\n\n\n\n<p><strong>(igihaljas hekk)<\/strong><\/p>\n\n\n\n<p>istiku k\u00f5rgus 120-140 cm (koefitsient 8) = p\u00f5\u00f5saste arv : 8 x 4<\/p>\n\n\n\n<p>istiku k\u00f5rgus 140-170 cm (koefitsient 5) = p\u00f5\u00f5saste arv : 5 x 4<\/p>\n\n\n\n<p>istiku k\u00f5rgus &gt;170 cm (koefitsient 2) = p\u00f5\u00f5saste arv : 2 x 4<\/p>\n","protected":false},"excerpt":{"rendered":"<p>Asendusistutuse kohustust rakendatakse raieloa k\u00f5rvaltingimusena ehitusaluse v\u00f5i kujundusraie puhul. Asendusistutuse kohustust ei rakendata: ehitiste ehitamisel, mis on v\u00f5i antakse linna omandisse kujundusraie korral avalikul alal kahjustatud puu raie korral (ei kehti, kui puu seisund on halvenenud ehitustegevuse t\u00f5ttu 5 a [&hellip;]<\/p>\n","protected":false},"author":1,"featured_media":0,"parent":0,"menu_order":0,"comment_status":"closed","ping_status":"closed","template":"","meta":{"footnotes":""},"yoast_head":"<!-- This site is optimized with the Yoast SEO plugin v21.9.1 - https:\/\/yoast.com\/wordpress\/plugins\/seo\/ -->\n<title>Asendusistutuste arvutamine - Dendroloogia<\/title>\n<meta name=\"description\" content=\"ASENDUSISTUTUSTE KALKULAATOR. Asendusistutuse kohustuse arvutamine raie puhul. Asendusistutuste koefitsendid.\" \/>\n<meta name=\"robots\" content=\"index, follow, max-snippet:-1, max-image-preview:large, max-video-preview:-1\" \/>\n<link rel=\"canonical\" href=\"https:\/\/www.dendroloogia.ee\/index.php\/asendusistutuste-arvutamine\/\" \/>\n<meta name=\"twitter:card\" content=\"summary_large_image\" \/>\n<meta name=\"twitter:title\" content=\"Asendusistutuste arvutamine - Dendroloogia\" \/>\n<meta name=\"twitter:description\" content=\"ASENDUSISTUTUSTE KALKULAATOR. Asendusistutuse kohustuse arvutamine raie puhul. Asendusistutuste koefitsendid.\" \/>\n<meta name=\"twitter:label1\" content=\"Estimated reading time\" \/>\n\t<meta name=\"twitter:data1\" content=\"2 minutes\" \/>\n<script type=\"application\/ld+json\" class=\"yoast-schema-graph\">{\"@context\":\"https:\/\/schema.org\",\"@graph\":[{\"@type\":\"WebPage\",\"@id\":\"https:\/\/www.dendroloogia.ee\/index.php\/asendusistutuste-arvutamine\/\",\"url\":\"https:\/\/www.dendroloogia.ee\/index.php\/asendusistutuste-arvutamine\/\",\"name\":\"Asendusistutuste arvutamine - Dendroloogia\",\"isPartOf\":{\"@id\":\"https:\/\/www.dendroloogia.ee\/#website\"},\"datePublished\":\"2020-11-04T20:02:52+00:00\",\"dateModified\":\"2021-11-05T19:22:52+00:00\",\"description\":\"ASENDUSISTUTUSTE KALKULAATOR. Asendusistutuse kohustuse arvutamine raie puhul. Asendusistutuste koefitsendid.\",\"breadcrumb\":{\"@id\":\"https:\/\/www.dendroloogia.ee\/index.php\/asendusistutuste-arvutamine\/#breadcrumb\"},\"inLanguage\":\"en-GB\",\"potentialAction\":[{\"@type\":\"ReadAction\",\"target\":[\"https:\/\/www.dendroloogia.ee\/index.php\/asendusistutuste-arvutamine\/\"]}]},{\"@type\":\"BreadcrumbList\",\"@id\":\"https:\/\/www.dendroloogia.ee\/index.php\/asendusistutuste-arvutamine\/#breadcrumb\",\"itemListElement\":[{\"@type\":\"ListItem\",\"position\":1,\"name\":\"Home\",\"item\":\"https:\/\/www.dendroloogia.ee\/\"},{\"@type\":\"ListItem\",\"position\":2,\"name\":\"Asendusistutuste arvutamine\"}]},{\"@type\":\"WebSite\",\"@id\":\"https:\/\/www.dendroloogia.ee\/#website\",\"url\":\"https:\/\/www.dendroloogia.ee\/\",\"name\":\"Dendroloogia\",\"description\":\"\",\"potentialAction\":[{\"@type\":\"SearchAction\",\"target\":{\"@type\":\"EntryPoint\",\"urlTemplate\":\"https:\/\/www.dendroloogia.ee\/?s={search_term_string}\"},\"query-input\":\"required name=search_term_string\"}],\"inLanguage\":\"en-GB\"}]}<\/script>\n<!-- \/ Yoast SEO plugin. -->","yoast_head_json":{"title":"Asendusistutuste arvutamine - Dendroloogia","description":"ASENDUSISTUTUSTE KALKULAATOR. Asendusistutuse kohustuse arvutamine raie puhul. Asendusistutuste koefitsendid.","robots":{"index":"index","follow":"follow","max-snippet":"max-snippet:-1","max-image-preview":"max-image-preview:large","max-video-preview":"max-video-preview:-1"},"canonical":"https:\/\/www.dendroloogia.ee\/index.php\/asendusistutuste-arvutamine\/","twitter_card":"summary_large_image","twitter_title":"Asendusistutuste arvutamine - Dendroloogia","twitter_description":"ASENDUSISTUTUSTE KALKULAATOR. Asendusistutuse kohustuse arvutamine raie puhul. Asendusistutuste koefitsendid.","twitter_misc":{"Estimated reading time":"2 minutes"},"schema":{"@context":"https:\/\/schema.org","@graph":[{"@type":"WebPage","@id":"https:\/\/www.dendroloogia.ee\/index.php\/asendusistutuste-arvutamine\/","url":"https:\/\/www.dendroloogia.ee\/index.php\/asendusistutuste-arvutamine\/","name":"Asendusistutuste arvutamine - Dendroloogia","isPartOf":{"@id":"https:\/\/www.dendroloogia.ee\/#website"},"datePublished":"2020-11-04T20:02:52+00:00","dateModified":"2021-11-05T19:22:52+00:00","description":"ASENDUSISTUTUSTE KALKULAATOR. Asendusistutuse kohustuse arvutamine raie puhul. Asendusistutuste koefitsendid.","breadcrumb":{"@id":"https:\/\/www.dendroloogia.ee\/index.php\/asendusistutuste-arvutamine\/#breadcrumb"},"inLanguage":"en-GB","potentialAction":[{"@type":"ReadAction","target":["https:\/\/www.dendroloogia.ee\/index.php\/asendusistutuste-arvutamine\/"]}]},{"@type":"BreadcrumbList","@id":"https:\/\/www.dendroloogia.ee\/index.php\/asendusistutuste-arvutamine\/#breadcrumb","itemListElement":[{"@type":"ListItem","position":1,"name":"Home","item":"https:\/\/www.dendroloogia.ee\/"},{"@type":"ListItem","position":2,"name":"Asendusistutuste arvutamine"}]},{"@type":"WebSite","@id":"https:\/\/www.dendroloogia.ee\/#website","url":"https:\/\/www.dendroloogia.ee\/","name":"Dendroloogia","description":"","potentialAction":[{"@type":"SearchAction","target":{"@type":"EntryPoint","urlTemplate":"https:\/\/www.dendroloogia.ee\/?s={search_term_string}"},"query-input":"required name=search_term_string"}],"inLanguage":"en-GB"}]}},"_links":{"self":[{"href":"https:\/\/www.dendroloogia.ee\/index.php\/wp-json\/wp\/v2\/pages\/172"}],"collection":[{"href":"https:\/\/www.dendroloogia.ee\/index.php\/wp-json\/wp\/v2\/pages"}],"about":[{"href":"https:\/\/www.dendroloogia.ee\/index.php\/wp-json\/wp\/v2\/types\/page"}],"author":[{"embeddable":true,"href":"https:\/\/www.dendroloogia.ee\/index.php\/wp-json\/wp\/v2\/users\/1"}],"replies":[{"embeddable":true,"href":"https:\/\/www.dendroloogia.ee\/index.php\/wp-json\/wp\/v2\/comments?post=172"}],"version-history":[{"count":20,"href":"https:\/\/www.dendroloogia.ee\/index.php\/wp-json\/wp\/v2\/pages\/172\/revisions"}],"predecessor-version":[{"id":234,"href":"https:\/\/www.dendroloogia.ee\/index.php\/wp-json\/wp\/v2\/pages\/172\/revisions\/234"}],"wp:attachment":[{"href":"https:\/\/www.dendroloogia.ee\/index.php\/wp-json\/wp\/v2\/media?parent=172"}],"curies":[{"name":"wp","href":"https:\/\/api.w.org\/{rel}","templated":true}]}}